{"id":571,"date":"2026-02-20T22:30:09","date_gmt":"2026-02-20T21:30:09","guid":{"rendered":"https:\/\/jesper-lauritzen.dk\/?page_id=571"},"modified":"2026-02-24T12:15:40","modified_gmt":"2026-02-24T11:15:40","slug":"aabningsturnering-2024","status":"publish","type":"page","link":"https:\/\/hillerodskakklub.dk\/index.php\/aabningsturnering-2024\/","title":{"rendered":"\u00c5bningsturnering 2024"},"content":{"rendered":"<h5>Reglement og resultater<\/h5>\n<p>\u00c5bningsturnering 2024 best\u00e5r af 6 runder hurtigskak fordelt over tre tirsdage &#8211; 27.august, 10. september og 17. september.<br \/>\nHurtigskak spilles med en bet\u00e6nkningstid p\u00e5 25 minutter til hele partiet plus 10 sekunders till\u00e6g pr. udf\u00f8rt tr\u00e6k.<br \/>\nDeltagerne inddeles fortrinsvis i 4 mands grupper efter rating, s\u00e5ledes at alle f\u00e5r s\u00e5 j\u00e6vnbyrdige modstandere som muligt.<br \/>\nHver tirsdag spiller man to runder mod den samme modstander &#8211; et parti med hvid og et parti med sort.<br \/>\nDer vil v\u00e6re pr\u00e6mie til vinderne af hver gruppe.<\/p>\n<p>Se\u00a0<a href=\"https:\/\/turnering.skak.dk\/TournamentActive\/Details?tourId=29037\" target=\"_blank\" rel=\"noopener\">resultater og parringer<\/a><\/p>\n","protected":false},"excerpt":{"rendered":"<p>Reglement og resultater \u00c5bningsturnering 2024 best\u00e5r af 6 runder hurtigskak fordelt over tre tirsdage &#8211; 27.august, 10. september og 17. september. Hurtigskak spilles med en bet\u00e6nkningstid p\u00e5 25 minutter til hele partiet plus 10 sekunders till\u00e6g pr. udf\u00f8rt tr\u00e6k. Deltagerne inddeles fortrinsvis i 4 mands grupper efter rating, s\u00e5ledes at alle f\u00e5r s\u00e5 j\u00e6vnbyrdige modstandere &hellip; <a href=\"https:\/\/hillerodskakklub.dk\/index.php\/aabningsturnering-2024\/\" class=\"more-link\">L\u00e6s videre <span class=\"screen-reader-text\">\u00c5bningsturnering 2024<\/span> <span class=\"meta-nav\">&rarr;<\/span><\/a><\/p>\n","protected":false},"author":1,"featured_media":0,"parent":0,"menu_order":0,"comment_status":"closed","ping_status":"closed","template":"","meta":{"_mc_calendar":[],"footnotes":""},"class_list":["post-571","page","type-page","status-publish","hentry"],"_links":{"self":[{"href":"https:\/\/hillerodskakklub.dk\/index.php\/wp-json\/wp\/v2\/pages\/571","targetHints":{"allow":["GET"]}}],"collection":[{"href":"https:\/\/hillerodskakklub.dk\/index.php\/wp-json\/wp\/v2\/pages"}],"about":[{"href":"https:\/\/hillerodskakklub.dk\/index.php\/wp-json\/wp\/v2\/types\/page"}],"author":[{"embeddable":true,"href":"https:\/\/hillerodskakklub.dk\/index.php\/wp-json\/wp\/v2\/users\/1"}],"replies":[{"embeddable":true,"href":"https:\/\/hillerodskakklub.dk\/index.php\/wp-json\/wp\/v2\/comments?post=571"}],"version-history":[{"count":2,"href":"https:\/\/hillerodskakklub.dk\/index.php\/wp-json\/wp\/v2\/pages\/571\/revisions"}],"predecessor-version":[{"id":1271,"href":"https:\/\/hillerodskakklub.dk\/index.php\/wp-json\/wp\/v2\/pages\/571\/revisions\/1271"}],"wp:attachment":[{"href":"https:\/\/hillerodskakklub.dk\/index.php\/wp-json\/wp\/v2\/media?parent=571"}],"curies":[{"name":"wp","href":"https:\/\/api.w.org\/{rel}","templated":true}]}}